a - 2) + 0 + 17?
11
Let f = -58 - 31. Let o = -53 - f. What is the remainder when 80 is divided by o?
8
Suppose 0 = q + 2*q - 117. Let l be (-341)/(-3) - (-12)/36. Let m = l + -93. Calculate the remainder when q is divided by m.
18
Suppose 11699 + 3853 = 541*o - 7334 - 4164. Suppose 0*f = -5*f + 490. Calculate the remainder when f is divided by o.
48
Let p(q) = q**2 + 6*q + 8. Let w(a) = -2*a**2 + 3*a + 13. Let x be w(-7). Let l = -32 - x. What is the remainder when l is divided by p(-7)?
14
Suppose 3*b - 2*m = 88, 437*b - 442*b + 2*m = -152. Calculate the remainder when 503 is divided by b.
23
Suppose 3*d + 2*d = 515. Calculate the remainder when d is divided by 45 + (-6 - -10) + -14.
33
Calculate the remainder when ((-38)/(-57) + -1)*-489 is divided by 85.
78
Let b = 472 - 179. Let l(g) = 5*g - 2. Calculate the remainder when b is divided by l(2).
5
Let p(g) = g**2 + g + 5. Let a = -393 + 452. Calculate the remainder when a is divided by p(-3).
4
Let g(u) = -22*u - 70. Let a = -169 - -163. Calculate the remainder when g(a) is divided by 7.
6
Suppose 0 = 15*u - 107*u - 20488 + 116352. What is the remainder when u is divided by 58?
56
Let t(j) = -j - 5. Let y = 111 - 71. Suppose 2 = -3*m - y. What is the remainder when 43 is divided by t(m)?
7
Let p be (-58)/8*1*-4. Suppose 5*a - 31 = p. Let x = -330 - -372. What is the remainder when x is divided by a?
6
Let g(b) = b**3 + 6*b**2 + 2*b + 6. Suppose 0 = -10*j + j - 99. Let i(z) = -z**2 - 12*z - 16. Let y be i(j). What is the remainder when 83 is divided by g(y)?
20
Let w(b) = -b**3 + 2*b**2 + 9*b + 3. Let n be w(-2). What is the remainder when 398 + -120 - (n*-1 + 1) is divided by 8?
6
Let g = -13 + 43. Suppose -5*a + h - g = -10*a, 0 = -3*a + 3*h + 18. What is the remainder when 15 is divided by a?
3
Let o(m) = 11*m**2 - 2*m + 1. Let s = -17188 + 17204. Calculate the remainder when o(-2) is divided by s.
1
Let v = -9 + 37. Suppose 9*u = -5*u + v. Suppose -3*b + 5*k - 3 = -1, 1 = u*b - k. Calculate the remainder when 3 is divided by b.
0
Suppose -2*z + 4*g + 80 = 0, -28*z + 26*z + 3*g + 78 = 0. What is the remainder when 271 is divided by z?
19
Let z = 99 - -101. Suppose -3*i = -i + z. What is the remainder when 88 is divided by (-2)/7 - (1 - i/(-7))?
10
Let o = 108 + -229. Let c = 103 - 206. Let m = c - o. What is the remainder when m is divided by 10?
8
Let y be (-23 + 0)*7/(-28)*4. Suppose y*u + 18 = 87. What is the remainder when 28 is divided by u?
1
Suppose 5*u + 24 - 519 = 0. Let q = -154 + u. Let b = -30 - q. What is the remainder when 45 is divided by b?
20
Let k(q) = q**3 - 35*q**2 + 49*q - 328. What is the remainder when k(34) is divided by 34?
12
Suppose 446 = -3*i - 118. Let a = i + 208. What is the remainder when a is divided by 3?
2
Let r(v) = -v**2 + 17*v - 22. Let k be r(12). Suppose -6*m - 4*g + 62 = -m, 3*m + 2*g - k = 0. What is the remainder when 18 is divided by m?
4
Let x(q) = 1516*q + 12173. Calculate the remainder when 524 is divided by x(-8).
29
What is the remainder when 347 is divided by (-51)/18*30/(-5)?
7
Let p = -753 + 1101. Let i = 355 - p. Calculate the remainder when 67 is divided by i.
4
Suppose o + 514*k + 31 = 506*k, -4*o = -4*k - 128. Let v = 9 + 1. What is the remainder when o is divided by v?
5
Let u = 3083 + -2994. What is the remainder when 978 is divided by u?
88
Let f(u) = u**2 - 20*u + 40. Let y be f(19). Let r = y + -18. Suppose -6 = -3*w, -4*d - 7 = -w - 17. What is the remainder when r is divided by d?
0
Suppose 5*j = -58 + 183. What is the remainder when (2/(5 - 1020/196))/((-16)/240) is divided by j?
22
Suppose 6*u - 1252 = 56. Suppose 15*t - u - 727 = 0. Let k(m) = m. Calculate the remainder when t is divided by k(13).
11
Suppose 7*y = -y + 12*y - 7008. What is the remainder when y is divided by 16?
8
Suppose 18 = 11*l - 48. Let c(j) = -5*j**2 + 6*j + 15. Let y be c(l). Let x = y + 142. Calculate the remainder when 36 is divided by x.
10
What is the remainder when 188 is divided by (1/14 - (-27)/63)/(3/942)?
31
Let l(p) = 3*p**2 - p + 14. Let b be (-9 - (-4 + -1)) + 4. Suppose -i - 2 = -2*t - b, 20 = 5*i. What is the remainder when l(t) is divided by 8?
6
Suppose 5*z + 20 = 3*w + 30, -5*w = 3*z - 40. Let d(r) = 2*r**3 - 10*r**2 + 17*r - 67. Calculate the remainder when 58 is divided by d(w).
4
Let y = -42 + 70. Suppose -3*g - 4*j + 11 = -47, 5*j = -3*g + 59. Calculate the remainder when y is divided by ((-10)/(-3))/(2 + (-30)/g).
8
Let u = -8 - -37. Suppose 514 = 11*w - 322. Calculate the remainder when w is divided by u.
18
Suppose 963 = -45*i + 23013. What is the remainder when i is divided by 55?
50
Let b = -13514 + 14778. What is the remainder when b is divided by 311?
20
Suppose -2*b - 18 = -38. Suppose 2*u + 34 + 22 = 0. Let x = -1 - u. Calculate the remainder when x is divided by b.
7
Let i be ((-9)/(-18))/(2/16). Suppose h - 37 = -5*l, h - i - 33 = l. Suppose -8*b + 133 = 53. Calculate the remainder when h is divided by b.
7
What is the remainder when 2077 is divided by (-8 - -9)*-1 - (1 + -15)?
10
Let w = 104 + -87. Suppose -w*a = -13*a - 904. Calculate the remainder when a is divided by 12.
10
Let c be ((-16)/(-4) + -8)*-502. Suppose -13258 + c = -5*f. What is the remainder when -2 + 10/8 - f/(-24) is divided by 8?
5
Let c = -3720 + 4204. What is the remainder when c is divided by 97?
96
Let j = 16 - -4. Let w(i) = -i**2 + 58*i - 28. Let g be w(45). Let s = -499 + g. Calculate the remainder when s is divided by j.
18
Let x(a) = -a**3 + 8*a**2 - 6*a + 2. Let d(z) = -z + 21. Let n be (-20)/(-12)*9/(0 - 3). Calculate the remainder when d(n) is divided by x(7).
8
Suppose -q - 47*q - 480 = 0. What is the remainder when 7 + (-202)/q - 4/(-5) is divided by 5?
3
Let t(w) = -416*w + 2514. Calculate the remainder when t(-7) is divided by 81.
80
What is the remainder when 417 is divided by 75 - (2 + -6 + 5)*(-11 - -8)?
27
Suppose -9*x - 3*y + 141 = 0, 0 = -13*x + 18*x + 2*y - 78. What is the remainder when 1454 is divided by x?
14
Let i(u) = 2*u**3 - 2*u + 100. Calculate the remainder when i(7) is divided by 7.
2
Suppose -26272 = -43*y + 5204. What is the remainder when y is divided by 147?
144
Let r = -236 + 238. Suppose b - r*j - 24 = 3*j, b - 24 = -j. Suppose 3*o = -2*o + 350. Calculate the remainder when o is divided by b.
22
Let s = 33 + -30. Suppose 0 = -2*l - t + 214, 0 = s*l - 0*l + 4*t - 326. Let y = l + -27. Calculate the remainder when y is divided by 27.
25
Suppose -1083*o + 324 = -1077*o. Suppose 3018 = 4*n - l, l = 5*n - 3356 - 417. Calculate the remainder when n is divided by o.
53
Suppose 5*s + 9*o - 5*o = 66, -2*o - 12 = -2*s. What is the remainder when 669 is divided by s?
9
Suppose 0*v - 15 = -15*v. Suppose -6 - 6 = -4*i. Calculate the remainder when 17 + (-2 - v) + 2 is divided by i.
1
Calculate the remainder when (-29)/((-406)/(-196)) + 189 is divided by 45.
40
Suppose -4*o + 3144 = -z + 5*z, 4*z - 804 = -o. Calculate the remainder when 2351 is divided by o.
11
Suppose 3*c = -m + 394, -c + 3*m = -32 - 76. Calculate the remainder when c is divided by 54.
21
Calculate the remainder when -6 + (2*(-1)/14 - (-81660)/84) is divided by 16.
6
Suppose -t = -31 + 55. What is the remainder when (t/(-48))/(2/404) is divided by 17?
16
Let j = -7 + 8. Let u be (-2)/6*(8 + -2) + 25. Suppose 0 = 4*s - p - 1, 4*p - u + 10 = -s. What is the remainder when j is divided by s?
0
Let f be (-8)/(-10)*(-3145)/(-34). Suppose 0 = 12*v - f - 286. Calculate the remainder when 85 is divided by v.
25
Let z = -3294 - -3351. What is the remainder when 13791 is divided by z?
54
Suppose 0 = 2*g + 5*c - 996, -35*c = 3*g - 37*c - 1456. Calculate the remainder when g is divided by 21.
5
Let x = 121 + -80. Let m = -5893 + 5935. What is the remainder when m is divided by x?
1
Suppose 4*z - 2*w - 12 = 2*w, z + 3 = -w. Suppose z = 6*t - 21 - 51. What is the remainder when 39 is divided by t?
3
Let k(f) be the first derivative of f**4/4 + f**2 + 12*f - 19. Let z be k(0). Suppose z = -3*v + 39. What is the remainder when 25 is divided by v?
7
Suppose -235*q + 464*q = 30915. What is the remainder when 544 is divided by q?
4
Let x be 4/6 + 236/6. Suppose 5*y - 5*g = x, -7*y + 16 = -2*y + g. Calculate the remainder when ((-450)/12 - -6)*(-66)/(-231)*-2 is divided b